1). Let q(k) = 3*k - 2. Determine q(v).
-2
Let d(t) be the first derivative of 6*t - 1/2*t**2 + 11. What is d(0)?
6
Let p(l) = l**3 + 5*l**2 - 9*l + 31. Let n(j) = -j**3 - 6*j**2 + 11*j - 30. Let c(f) = 4*n(f) + 5*p(f). Determine c(0).
35
Let n(h) = 9*h. Suppose -2*t = 5*t + 28. Let v(c) = c + 5. Let g be v(t). Determine n(g).
9
Let a(y) = -4*y - 3. Let t be a(-2). Let o(n) = -n + 7. Suppose 4*d = -0 - 12. Let h(z) = 8. Let r(k) = d*o(k) + 2*h(k). Calculate r(t).
10
Let p(a) be the first derivative of a**2 + 15*a - 112. What is p(-8)?
-1
Let h(w) = -2392*w + 2 + 10 - w**2 + 2407*w. Give h(16).
-4
Let j(w) be the second derivative of w**4/12 + w**3/3 + 3*w**2/2 - 438*w. Calculate j(-4).
11
Let i(u) = u**2 + 4*u. Let b(j) = 3. Let z(x) = 0*x + x - 13 - 11. Let g(c) = -24*b(c) - 3*z(c). Let a(f) = 3*g(f) + 2*i(f). Calculate a(2).
6
Let d(m) be the second derivative of 1/6*m**3 + 0 - 4*m - 4*m**2. Determine d(-6).
-14
Let o(y) be the second derivative of -y**4/4 - y**3/6 - y**2/2 + 110*y. Calculate o(-4).
-45
Let z(k) be the second derivative of 1/3*k**4 + 1/20*k**5 - 14*k - 1/6*k**3 + 0 - 2*k**2. Give z(-4).
0
Let y(r) = 3*r**3 + 7*r**2 + 6*r + 1. Let x(s) = -7*s**3 - 15*s**2 - 13*s - 2. Let w(p) = -2*x(p) - 5*y(p). Determine w(-3).
-7
Let h(q) be the second derivative of -q**5/5 - q**3/2 - 2*q**2 - 6*q. Let i(l) = -5*l**3 + l**2 - 4*l - 4. Let c(v) = -4*h(v) + 3*i(v). What is c(-4)?
-12
Let d(w) = -2*w**2 - 15*w - 4. Let z(q) = q**2 + 7*q + 3. Let b(y) = -2*d(y) - 5*z(y). Determine b(-5).
-7
Let x(b) = -3*b + 1. Let h(w) = w. Let m(d) = -2*d. Let q(a) = -3*h(a) - m(a). Let o(p) = 5*q(p) - x(p). Determine o(-1).
1
Let n = 13 + -40. Let o(a) = -a**2 - 28*a - 34. What is o(n)?
-7
Let t be (-10)/15 + 1 - (-16)/6. Suppose 34*c = 37*c - t. Let x(y) = -y + 1. Determine x(c).
0
Let y(u) = -u. Let g be y(-6). Let j(c) = -c**2 + 6*c + 7. Let o = 91 + -96. Let q(z) = -2*z**2 + 12*z + 13. Let d(h) = o*j(h) + 3*q(h). Determine d(g).
4
Let a(f) = f**3 - 4*f**2 - f. Suppose -4*x - 62 = 2*j, -j + 3*x - 2*x = 25. Let r = j - -31. Calculate a(r).
-4
Let g(k) be the third derivative of -7/24*k**4 + 0*k + k**2 + 9 - 1/60*k**5 - 1/3*k**3. Let w = 2 + -9. Determine g(w).
-2
Let v(z) be the third derivative of 5*z**4/24 + 13*z**3/6 - 594*z**2. What is v(-3)?
-2
Let d(w) = -w**3 - 5*w**2 - 4*w - 1. Suppose -40*f = -52*f - 36. Determine d(f).
-7
Let t(k) = -2*k + 11. Let j(m) = m - 5. Suppose 7*z = 2*z - 325. Let a be z/9 - (-2)/9. Let r(q) = a*j(q) - 3*t(q). Calculate r(-5).
7
Let d = 3 + 0. Let r(h) = -5 - h**2 + 2*h**2 - d*h + 6 - 2*h. Let c be (-7)/(-3) - 4/(-6). Determine r(c).
-5
Let s be (-160)/(-24) - (0 + (-4)/(-6)). Suppose -3*x - 1 = -2*n, -5*n + 6 = x - 5. Let m(o) = 7*o + 6 - s*o**n - o**3 - 6*o + o. Give m(-6).
-6
Let m = 7 + -2. Let z(s) = -s**3 + 4*s**2 + 6*s. Let n be z(m). Suppose 0 = 4*k + 4*c - c + 31, -k - n = -2*c. Let u(x) = 2*x + 5. Determine u(k).
-9
Let q(j) = j**2 + 8*j - 8. Suppose 5*v - 7*f + 11*f + 38 = 0, -3*v = -2*f + 14. Give q(v).
-20
Let l be 6*6/(-27) + 27/(324/(-32)). Let n(b) be the first derivative of -b**4/4 - 4*b**3/3 + 5*b - 1. Calculate n(l).
5
Let y(x) be the first derivative of x + 2/3*x**3 - x**2 - 11. What is y(1)?
1
Suppose 24 = 32*i - 36*i. Let n(y) = -3*y - 22. Calculate n(i).
-4
Let d(a) be the third derivative of -a**4/24 - a**3/3 - 7*a**2 + 2. What is d(-6)?
4
Let q(d) = 4 - 1 + d - 2*d + 0*d. Suppose 5*a = 8*k - 12*k - 20, -k + 3*a = 5. What is q(k)?
8
Let n(m) = 23*m. Suppose 4*p + u + 7 = -2*u, -3 = -2*p + 5*u. Determine n(p).
-23
Let o = 67 - -17. Suppose -9*n = 12 - o. Let k(m) = m - 1. Determine k(n).
7
Suppose -2*k + 14 = 3*m - 3*k, 2*m - 5*k = 31. Suppose n - 3 = m. Let x(r) be the second derivative of -r**5/20 + r**4/2 + 3*r**2 + 5*r + 1. Calculate x(n).
6
Let q(d) = -3*d**2 + 5*d + 17. Let s(a) = -a**2 - 2*a + 1. Let b(y) = -q(y) + 2*s(y). What is b(8)?
-23
Let f(k) = -28*k + 8*k + 17*k + 3 + 0. Let c(l) = -3*l + 3. Let x(u) = 5*c(u) - 6*f(u). Suppose -5*d = 30 - 5. What is x(d)?
-18
Let k(a) = 2*a**2 - 9*a**3 - 23*a - 29*a - 29*a + a**3 + 80*a. Calculate k(1).
-7
Let u(b) be the third derivative of -5*b**4/24 - 29*b**3/6 + 55*b**2. Let v be u(-6). Let x(g) = 6*g**3 + g**2 - g + 1. Calculate x(v).
7
Let l = 21 + -21. Let r(v) = -13*v**2 + 13*v + 12. Let y(k) = -3*k**2 + 3*k + 3. Suppose 5*z - 8*z - 6 = 0. Let o(c) = z*r(c) + 9*y(c). Determine o(l).
3
Let h(k) = k**3 - 4*k**2 - 5*k + 6. Let v(j) = j**2 + 12*j - 8. Let d be v(-13). Give h(d).
6
Suppose 20 = 19*p - 21*p. Let f(g) be the third derivative of g**5/60 + g**4/3 - 11*g**3/6 - 2*g**2. Calculate f(p).
9
Let g(d) = -d - 1. Let s(m) = -6*m**2 + 4*m + 3. Let j(t) = 3*g(t) + s(t). Let r be (-14)/4 - (-14)/(-28). Let c = -5 - r. Give j(c).
-7
Let g(z) = -2*z + 2. Suppose -d - 37*v + 6 = -34*v, -4*d - 3 = 3*v. Give g(d).
8
Let d(q) = 45*q**2 - 22*q**2 + q**3 - 27*q**2. Determine d(2).
-8
Let n be (1 + (0 - -1) - 2)/1. Let w(z) = 2*z**2 - 19. Let f(d) = 5*d**2 - 57. Let p(j) = -3*f(j) + 8*w(j). Give p(n).
19
Let w(c) = -2 + 8 - 98*c + 101*c. Calculate w(-7).
-15
Let a(f) = -3*f**3 - 10 - 6 + 4*f - 2*f**3 + 14 - 7*f. Determine a(-2).
44
Let r(z) = 1 - 2*z**2 + 1 - 2*z**2 - z**2 + 2*z**2 - 3*z. Give r(1).
-4
Suppose 4*y = y + 3. Let b be (-7)/(-14)*(y - 1). Let p(n) = n**3 - n - 4. Give p(b).
-4
Let p(b) = b - 18. Let t(l) = 4. Let c(w) = -4*p(w) - 18*t(w). Let x(v) = v. Let a(y) = -4*c(y) - 20*x(y). Determine a(2).
-8
Let o(v) be the third derivative of v**7/840 - v**6/180 - v**5/60 - v**4/12 - 5*v**3/6 - 3*v**2 + 5. Let p(c) be the first derivative of o(c). Give p(3).
1
Let r(g) = 3*g + 5. Let j(k) = -6*k**2 + k - 3. Let o be j(1). Determine r(o).
-19
Let o(p) be the first derivative of p**5/20 + p**4/3 - p**3 - 3*p**2/2 - 12*p + 20. Let f(a) be the first derivative of o(a). Determine f(-5).
2
Let z(w) = -3*w**2 + w + 8. Let k(h) = h**2 - h - 4. Let c(d) = -7*k(d) - 3*z(d). Let p be 14/(-21) + (19/(-3) - -4). What is c(p)?
10
Let p(c) be the second derivative of -c**4/24 - 2*c**2 + 3*c. Let b(w) be the first derivative of p(w). Suppose -10*k + 358 - 368 = 0. Calculate b(k).
1
Suppose z + 36 = -5*r + 6, 2*z = 3*r + 5. Let h(c) = -5*c**2 + 8*c + 8. Let u(n) = -6*n**2 + 9*n + 10. Let f(d) = 7*h(d) - 6*u(d). What is f(r)?
11
Let m(h) = h + 3. Let z(l) = l**2 + 17*l + 59. Let r be z(-11). Determine m(r).
-4
Let g(h) = -11*h + 10. Let u(m) = 2*m + 1. Let p(l) = g(l) + 3*u(l). Give p(5).
-12
Let i(l) = -l**3 - 4*l**2 - 4*l - 3. Suppose -8*t - 4*d + 19 = -9*t, 4*d - 16 = 0. What is i(t)?
0
Let a be (4 + 2)*2/(-3). Let k(u) = u**2 + 6*u - 2. Calculate k(a).
-10
Let h = 18 + -13. Let p(m) = -m**2 + 3 - 7*m - h + 0*m. Calculate p(-6).
4
Let d(v) = v**2 + 2*v - 4. Let k(f) = f**2 + 9*f - 16. Let n be k(-11). Let z be 3/n - -1*18/(-4). What is d(z)?
4
Let c(f) = -5*f**2 + 5*f - 1. Let j(m) = -16*m**2 + 9*m - 2. Let t(v) = -7*c(v) + 4*j(v). What is t(1)?
-29
Let a(g) = -g**3 + g**2 - g + 1. Let q = 12 - 8. Suppose 2*f + 2*n + 28 = 0, -4*f + q*n = -0*f + 16. Let w = f + 10. Give a(w).
0
Let m(f) = -f**2 + 4*f - 3. Let l(k) = -7*k**2 + 3*k. Let x be l(3). Let o be 4/(-10) - x/10. Let d = -3 + o. Calculate m(d).
1
Let r(q) = 3*q - 2. Let j(v) = -v**2 - 5*v + 4. Suppose -o - 14*o = -15. Let g be j(o). Give r(g).
-8
Let c(z) = -z - 4 + 7 + 0. Let p(m) = -5*m + 9. Let t be p(3). Determine c(t).
9
Let p(k) = -k - 1. Suppose -v = -2*u, 3*v - u - u = 4. Suppose 2*f - 18 = v*l - 2*f, 3*l + 19 = -2*f. Give p(l).
6
Let p(h) = 15*h + 169. Let m be p(-11). Let a(l) = l**3 - 7*l**2 + 5*l. Calculate a(m).
-28
Suppose 3*l = -43 - 29. Let g = l + 26. Suppose -g = 2*c - 8. Let s(p) = p**3 - 2*p**2 + 3*p. Give s(c).
18
Let b be (-2)/4 - (-3)/(-6). Let z(r) = -3*r**3 + r - r**2 + 3*r**3 + 9*r**3 + 0*r**2 + 3*r**2. Calculate z(b).
-8
Let z be 1/(-5) - 27/15. Let v(u) = -622*u + 1 + 0 + 623*u. Calculate v(z).
-1
Let g be (-436)/(-20) - 2/(-10). Suppose -g + 34 = -6*m. Let b(j) be the third derivative of -j**5/20 + j**4/12 - j**2. Calculate b(m).
-16
Let d(v) = 4*v**3 - 8*v**2 + 3. Let w(q) = -3 + 4*q**2 + 14*q**2 - 3*q**3 - q + 0 - 11*q**2. Let s(n) = 2*d(n) + 3*w(n). Give s(3).
6
Suppose -5*a + 0*a + 529 = -3*i, -a = 2*i - 98. Let z(s) = 51*s - a*s + 5 + 55*s. Calculate z(-4).
-3
Suppose 6